hen q is divided by r.
12
Suppose -23*r - 43384 = -67*r. Calculate the remainder when r is divided by 27.
14
Let o(x) = x**3 + 11*x**2 - 3*x + 12. Let l(q) = -35*q - 431. Calculate the remainder when o(-10) is divided by l(-13).
22
Suppose h + 3*h - 16 = 0. Let a = 127 - 207. What is the remainder when -3 - a - (-8)/h is divided by 20?
19
Suppose -219 + 22 = -79*g + 198. Suppose -5*c + 4*t = -572, c + 4*t - 100 = -0*c. What is the remainder when c is divided by g?
2
Let c(i) = 47*i**2 + 8*i + 94. Calculate the remainder when c(7) is divided by 91.
87
Let j be (-105)/(-6) + (-4)/8. Suppose 0 = -j*g - 2*g + 1273. Calculate the remainder when g is divided by 18.
13
Let s be ((8*-15)/(-4))/((-9)/42). Let g = 149 + s. Calculate the remainder when 132 is divided by g.
6
Suppose 131*u - u - 9373 = 27*u. What is the remainder when 190 is divided by u?
8
Suppose 62*h - 66*h = 5*v - 240, 0 = 3*v - 4*h - 144. Calculate the remainder when 330 is divided by v.
42
Let a(l) = l. Suppose -2*q - 3*o = -0 - 2, -10 = -2*q - 5*o. Let d be a(q). Let z = 9 + d. What is the remainder when z is divided by 3?
1
Let m(g) = g**2 + g - 28. Let t be m(4). Let a be 334 - 0 - -5*t/(-20). Suppose d - a = -11*d. What is the remainder when 54 is divided by d?
26
Let t = -25 - -30. Suppose 3*q = f + 16 + 1, 3*q = t*f + 13. What is the remainder when 87 + q/(-3) + 3 is divided by 45?
43
Let x(u) = -u**2 + 34*u - 159. Let o be x(30). What is the remainder when 194 is divided by 6/o + (-8653)/(-221)?
38
Suppose -40*a - 5*a = -11492 - 4213. What is the remainder when a is divided by 32?
29
Suppose -11*d + 7*d + 508 = 4*l, 9*d = 2*l + 1198. What is the remainder when d is divided by 23?
17
Let v = 681 - 665. Let s(b) = b**3 - 16*b**2 - 2*b + 55. What is the remainder when 114 is divided by s(v)?
22
Let c be ((-92)/8 + -4)/((-1)/2). Let s(m) = 11 - c*m**3 - 16 - 16*m + 11*m. Calculate the remainder when 122 is divided by s(-1).
29
Let i be (-496)/(-28) + 1/14*4. Suppose 100*r - 102*r + i = 0. Calculate the remainder when 125 is divided by r.
8
Let x(d) = d + 45. Calculate the remainder when x(0) is divided by 3*52/13 - -5.
11
Let x(n) = -8*n - 19. Let i be -5*2/(-1)*40/(-100). Calculate the remainder when 76 is divided by x(i).
11
Suppose 4*h - 227 + 3 = 0. Let n be (-4 - -59)/(2/14). Suppose 17*o - 108 = n. Calculate the remainder when h is divided by o.
27
Let o be (9 - 816/(-132)) + 4/(-22). Suppose o*m - 12*m - 354 = 0. Calculate the remainder when m is divided by 8.
6
Suppose v - 103 = -2*k + 239, k - 161 = 2*v. Let u(w) = -9*w - 12. Let m be u(-6). Suppose -m - 173 = -5*g. What is the remainder when k is divided by g?
40
Suppose -108273 = -61*j + 24819 - 31893. What is the remainder when j is divided by 550?
9
Suppose 12*c - 11119 = -835. Suppose -277*d - 195 = -292*d. What is the remainder when c is divided by d?
12
Let s be -33 + -2 + (8 + -3 - 1). Let x = 36 + s. Suppose x*u + 85 = 95. What is the remainder when 16 is divided by u?
0
Suppose -4*s + 2*c = -0*s - 354, -2*c = 4*s - 374. Let l = -95 + s. What is the remainder when 2 - 908/(-8) - 2/l is divided by 24?
20
Let k = -424 + 426. Calculate the remainder when 62 is divided by -8 - 75/(k - 7).
6
Let x = -3254 - -3410. What is the remainder when 2493 is divided by x?
153
Let o(y) = 17*y - 157. Suppose -209*v + 80 = -201*v. What is the remainder when 62 is divided by o(v)?
10
Let q = -537 - -587. Calculate the remainder when 282/4 + q/(-100) is divided by 20.
10
Let q(x) = x**3 + 10*x**2 + 20*x + 38. Calculate the remainder when 22 is divided by q(-8).
4
Calculate the remainder when 2062 is divided by (360/(-25))/(17/255*18/(-57)).
10
Let f = -37 + 25. Let i(o) = 9*o + 1. Calculate the remainder when (0 - (-51)/f)/(2/(-16)) is divided by i(2).
15
Suppose 10733*v = 10726*v + 317721 - 76648. Calculate the remainder when v is divided by 30.
29
Let t(y) = -32*y - 5. Let b = 31 + -34. Let p be t(b). Suppose 0 = 6*j + j - p. Calculate the remainder when 37 is divided by j.
11
Suppose 3*f = k - 157, 0 = 5*f - k + 97 + 164. Let t = f + 126. Calculate the remainder when 217 is divided by t.
69
What is the remainder when 4/22 - (-95186)/286 is divided by 111?
0
Let v = -7 - -9. Suppose 5*u - 3*b = 115, 0*u + 30 = u - v*b. Let k = 6925 - 6867. What is the remainder when k is divided by u?
18
Suppose 0 = -b - 2*h + 1242, -11*b + 9*b - 5*h + 2487 = 0. What is the remainder when b is divided by 40?
36
Let f = 996 + -716. Calculate the remainder when 1413 is divided by f.
13
Suppose 4*g + 7044 = 2*y, -2010 = 5*g - 3*y + 6796. Calculate the remainder when ((-1)/(-2))/((-22)/g) is divided by 14.
12
Let p = -79 - -96. Suppose d - 3*j - 2*j - p = 0, -5*d + 3*j + 85 = 0. Suppose -d + 105 = v. Calculate the remainder when v is divided by 9.
7
Let x be (54/(-45))/(4/(-10)). Let y(j) = j**2 - 2*j - 3. Let a be y(x). What is the remainder when 2/4*(a - -38) is divided by 5?
4
Suppose 4*i - 24 = -4. Suppose -i*h + h = 4. What is the remainder when 14 is divided by 4/6*-6*h/2?
0
Suppose -12*i = -14*i + 26. Suppose 5*s - 29 = -3*p, -18*s + 17*s + p + 1 = 0. Calculate the remainder when i is divided by s.
1
Let q be (2 + -1)*(-14)/(-7). Suppose 3*j = 4*z - 6, -q*j + z + 2 - 1 = 0. What is the remainder when (5 + -14)/(14/(-4) + 2) is divided by j?
0
Calculate the remainder when 398 is divided by (94/(-47))/((-3 + 199/67)*1).
63
Let y be (0 + 0)*3/6. Suppose -5*b - m + 349 = y, -5*b + 4*m + 353 = 6*m. What is the remainder when b is divided by ((-18)/4 + 5)*48?
21
Calculate the remainder when 1072 is divided by (28 - 3) + 450/(-25).
1
Let n = 13 - 9. Suppose n*a - 49 = 23. Calculate the remainder when 114/266 + 0 + 960/14 is divided by a.
15
Suppose -85 = -0*d - 17*d. Suppose -d = -44*n + 3163. What is the remainder when 241 is divided by n?
25
Let t = -5 + 12. Let n be ((-8)/5)/(8/(-100)). Suppose -n - 40 = -3*d. Calculate the remainder when d is divided by t.
6
Let l(c) = c**3 + 6*c**2 - 6*c. Let i = -26 - -19. Let m be l(i). Let a(j) = -j**2 - 18*j - 14. Calculate the remainder when a(m) is divided by 19.
6
Let i(u) be the third derivative of -u**4/8 + 37*u**3/3 - 2*u**2. What is the remainder when 65 is divided by i(21)?
10
Let r(f) = 5*f - 3*f - f + 1 - 10. Let o be r(11). Suppose a - 4*a + 53 = -o*p, p = -3*a + 68. Calculate the remainder when a is divided by 10.
1
Let n = 29 - 29. Calculate the remainder when 33 is divided by 16 - -1 - n/(-2).
16
Suppose 31 - 81 = -5*b. Let d be 0 + -12 + 9/27*12. What is the remainder when 4*(-5 - (-4 + d)) is divided by b?
8
Suppose 0*x + 247 = 13*x. Suppose -156 - 178 = -2*l. Let y = l - 75. What is the remainder when y is divided by x?
16
Let t(z) = -14*z - 28*z + 5*z + 34 - 38*z. What is the remainder when t(-4) is divided by 42?
40
Let l = 34 - -32. Calculate the remainder when (-2 - (-2 + 4))*(0 - 655/10) is divided by l.
64
Let q = -918 - -960. Let c = q + -12. Let d = -47 - -67. What is the remainder when c is divided by d?
10
Calculate the remainder when (-141)/(1 - 175/154) is divided by 207.
206
Let f be 34/(-17) - 409/1. Let l = f - -458. Calculate the remainder when l is divided by 43.
4
Let d(n) = 19*n + 85. Let k be -5 - ((-3)/(-9))/((-1)/3). What is the remainder when 21 is divided by d(k)?
3
Let c(o) = o**2 - 7*o - 6. Let r be c(11). Suppose -a + 44 = r. Suppose 17*f = 12*f + 85. What is the remainder when f is divided by a?
5
Let s = 4279 + -4192. Calculate the remainder when 333 is divided by s.
72
Let v be (-66)/9*27/18. Let d = v - -32. What is the remainder when 41 is divided by d?
20
Suppose 15*w - 14*w = -3*y - 1255, 3*y + 1245 = -3*w. Let n = -377 - y. What is the remainder when 183 is divided by n?
11
Let m be (-519)/(-6)*(-2 + 2 + 2). Let j = m - 122. Suppose 3*y = -3*l + 36 + j, -9 = -3*y. Calculate the remainder when 92 is divided by l.
14
Suppose -5*c - 6*y = -2529, 4*c - 5*y - 2406 + 422 = 0. What is the remainder when 2017 is divided by c?
13
Suppose 3*r - 19 - 35 = 0. Suppose -r*c + 13 = -5*c. What is the remainder when 5*(-5)/(-75)*3 is divided by c?
0
Let i be 0*(0 + (-6)/(-12)). What is the remainder when (1 - i)/(1/37) is divided by 8?
5
Suppose -6*f + 3 = 207. Let a = -26 - f. Calculate the remainder when 18 is divided by a.
2
Let a(r) = r**3 + 22*r**2 - 9. Let i be a